{"id":45,"date":"2017-08-23T19:47:35","date_gmt":"2017-08-23T19:47:35","guid":{"rendered":"https:\/\/esv-institut.com\/?page_id=45"},"modified":"2017-11-15T18:15:59","modified_gmt":"2017-11-15T18:15:59","slug":"tatigkeiten","status":"publish","type":"page","link":"https:\/\/esv-institut.com\/?page_id=45","title":{"rendered":"T\u00e4tigkeiten"},"content":{"rendered":"<p><strong>Unser T\u00e4tigkeitsbereich<\/strong><\/p>\n<p><strong>Gerichtsgutachten<\/strong><\/p>\n<p>Gerichtsgutachten werden \u00fcberwiegend f\u00fcr Zivilprozesse eingeholt. Der Zivilprozess dient zur Feststellung und Verwirklichung privater Rechte auf Grundlage der einschl\u00e4gigen Gesetze.<\/p>\n<p><strong>M\u00e4ngelbeseitigungsvorschlag<\/strong><\/p>\n<p>Ein M\u00e4ngelbeseitigungsvorschlag ist nur als grobe Richtlinie zu verstehen, um \u00fcberschl\u00e4gig die entstehenden Kosten zu sch\u00e4tzen. Der M\u00e4ngelbeseitigungsvorschlag ersetzt keinesfalls eine notwendige Sanierungsplanung.<\/p>\n<p><strong>Kostensch\u00e4tzung<\/strong><\/p>\n<p>Aufgrund des M\u00e4ngelbeseitigungsvorschlages sch\u00e4tzt der Sachverst\u00e4ndige die daf\u00fcr anfallenden Kosten, sofern dies Gegenstand der Beweisfrage des Beweisbeschlusses ist.<\/p>\n<p><strong>Privatgutachten<\/strong><\/p>\n<p>Im Gegensatz zum Gerichtsgutachten wird der Sachverst\u00e4ndige beim Privatgutachten nicht vom zust\u00e4ndigen Gericht beauftragt, sondern von einer Partei. Dabei bestimmt der Auftraggeber den Umfang des Gutachtens. Die Auftr\u00e4ge k\u00f6nnen Privatpersonen, Gesellschaften, Versicherungen, Unternehmen oder Rechtsanw\u00e4lte erteilen.<\/p>\n<p><strong>Durchf\u00fchrung des Privatgutachtens<\/strong><\/p>\n<p>Auch beim Privatgutachten wird der zu bewertende Aufgabenbereich in der Regel durch einen Lokalaugenschein oder durch Zusendung aller relevanten Akten durchgef\u00fchrt. Wie beim Gerichtsgutachten macht der Sachverst\u00e4ndige beim Ortstermin seine Feststellungen anhand des gegebenen Auftrages. Die Feststellungen werden anhand der allgemein anerkannten Regeln der Technik bzw. dem geschuldeten Sollzustand beurteilt.\u00a0Je nach Auftragsumfang werden die Gutachten erstellt.\u00a0Im Rahmen von Privatgutachten besteht die M\u00f6glichkeit, den Sachverst\u00e4ndigen f\u00fcr die Durchf\u00fchrung bzw. Ausschreibung und \u00dcberwachung der L\u00f6sungsm\u00f6glichkeiten zu beauftragen.<\/p>\n<p><strong>Baubegleitende Bauherrenberatung<\/strong><\/p>\n<p>Die baubegleitende Bauherrenberatung spricht alle Bauherren an. Dabei werden schon im Planungsstadium kritische Planungsdetails entsch\u00e4rft, und sofern Koordinierungsbedarf besteht werden die verschiedenen Planungsbereiche aufeinander abgestimmt.\u00a0W\u00e4hrend der Bauausf\u00fchrung werden die Ausf\u00fchrungen der einzelnen Gewerke in verschiedenen Ausf\u00fchrungsstadien \u00fcberpr\u00fcft. M\u00e4ngel werden sofort gemeldet und somit schnellst m\u00f6glich beseitigt.\u00a0Dar\u00fcber hinaus wird der Bauherr von einem Sachverst\u00e4ndigen in allen Belangen der Planung, Ausschreibung und Ausf\u00fchrung beraten.<\/p>\n<p><strong>Beratungen<\/strong><\/p>\n<p>Die Dienstleistungen unserer Sachverst\u00e4ndiger k\u00f6nnen in Ihren Gebieten auch f\u00fcr beratende T\u00e4tigkeiten herangezogen werden. Diese Dienstleistung sollte wenn m\u00f6glich vor dem Beginn einer Leistung in Anspruch genommen werden um etwaigen gerichtlichen Auseinandersetzungen schon im Vorfeld aus dem Weg gehen zu k\u00f6nnen.<\/p>\n<p><strong>\u00dcberwachungen<\/strong><\/p>\n<p>Ein weiteres Angebot in unserem T\u00e4tigkeitsfeld ist die \u00dcberwachung von Arbeitsabl\u00e4ufen samt deren Dokumentation und Gliederung. Bei Inanspruchnahme dieser Dienstleistung ist eine genaue Beschreibung des Aufgabengebietes<\/p>\n<p><strong>Schulungen<\/strong><\/p>\n<p>Unserer Team \u00fcbernimmt Schulungen und Ausbildungen in den verschiedensten Bereichen sowohl f\u00fcr Jugendliche als auch in der Erwachsenenbildung. Der Umfang der Schulungen wird den Kundenw\u00fcnschen angepasst und nach Bedarf und in Absprache mit unseren Kunden gestaltet. Durch die Kooperation mit verschiedenen Ausbildungsinstitutionen ist es stets garantiert, dass unsere Mitglieder jeweils auf dem neuesten Stand der Technik arbeiten k\u00f6nnen. Die laufende Ausbildung unserer Mitglieder wird durch Best\u00e4tigungen und Pr\u00fcfungen nachgewiesen.<\/p>\n","protected":false},"excerpt":{"rendered":"<p>Unser T\u00e4tigkeitsbereich Gerichtsgutachten Gerichtsgutachten werden \u00fcberwiegend f\u00fcr Zivilprozesse eingeholt. Der Zivilprozess dient zur Feststellung und Verwirklichung privater Rechte auf Grundlage der einschl\u00e4gigen Gesetze. M\u00e4ngelbeseitigungsvorschlag Ein M\u00e4ngelbeseitigungsvorschlag ist nur als grobe Richtlinie zu verstehen, um \u00fcberschl\u00e4gig die entstehenden Kosten zu sch\u00e4tzen. Der M\u00e4ngelbeseitigungsvorschlag ersetzt keinesfalls eine notwendige Sanierungsplanung. Kostensch\u00e4tzung Aufgrund des M\u00e4ngelbeseitigungsvorschlages sch\u00e4tzt der Sachverst\u00e4ndige die &hellip; <\/p>\n<p class=\"link-more\"><a href=\"https:\/\/esv-institut.com\/?page_id=45\" class=\"more-link\"><span class=\"screen-reader-text\">\u201eT\u00e4tigkeiten\u201c <\/span>weiterlesen<\/a><\/p>\n","protected":false},"author":1,"featured_media":79,"parent":0,"menu_order":0,"comment_status":"closed","ping_status":"closed","template":"","meta":{"footnotes":""},"class_list":["post-45","page","type-page","status-publish","has-post-thumbnail","hentry"],"_links":{"self":[{"href":"https:\/\/esv-institut.com\/index.php?rest_route=\/wp\/v2\/pages\/45","targetHints":{"allow":["GET"]}}],"collection":[{"href":"https:\/\/esv-institut.com\/index.php?rest_route=\/wp\/v2\/pages"}],"about":[{"href":"https:\/\/esv-institut.com\/index.php?rest_route=\/wp\/v2\/types\/page"}],"author":[{"embeddable":true,"href":"https:\/\/esv-institut.com\/index.php?rest_route=\/wp\/v2\/users\/1"}],"replies":[{"embeddable":true,"href":"https:\/\/esv-institut.com\/index.php?rest_route=%2Fwp%2Fv2%2Fcomments&post=45"}],"version-history":[{"count":3,"href":"https:\/\/esv-institut.com\/index.php?rest_route=\/wp\/v2\/pages\/45\/revisions"}],"predecessor-version":[{"id":166,"href":"https:\/\/esv-institut.com\/index.php?rest_route=\/wp\/v2\/pages\/45\/revisions\/166"}],"wp:featuredmedia":[{"embeddable":true,"href":"https:\/\/esv-institut.com\/index.php?rest_route=\/wp\/v2\/media\/79"}],"wp:attachment":[{"href":"https:\/\/esv-institut.com\/index.php?rest_route=%2Fwp%2Fv2%2Fmedia&parent=45"}],"curies":[{"name":"wp","href":"https:\/\/api.w.org\/{rel}","templated":true}]}}